{"id":314,"date":"2024-08-20T04:21:26","date_gmt":"2024-08-20T02:21:26","guid":{"rendered":"https:\/\/roselios.com\/?page_id=314"},"modified":"2024-09-04T14:47:10","modified_gmt":"2024-09-04T12:47:10","slug":"mentions-legales","status":"publish","type":"page","link":"https:\/\/roselios.com\/index.php\/mentions-legales\/","title":{"rendered":"Mentions l\u00e9gales"},"content":{"rendered":"\t\t<div data-elementor-type=\"wp-page\" data-elementor-id=\"314\" class=\"elementor elementor-314\" data-elementor-post-type=\"page\">\n\t\t\t\t<div class=\"elementor-element elementor-element-844ae9f e-flex e-con-boxed e-con e-parent\" data-id=\"844ae9f\" data-element_type=\"container\" data-settings=\"{&quot;background_background&quot;:&quot;classic&quot;}\">\n\t\t\t\t\t<div class=\"e-con-inner\">\n\t\t\t\t<div class=\"elementor-element elementor-element-1ed95b9 elementor-widget elementor-widget-text-editor\" data-id=\"1ed95b9\" data-element_type=\"widget\" data-widget_type=\"text-editor.default\">\n\t\t\t\t<div class=\"elementor-widget-container\">\n\t\t\t<style>\/*! elementor - v3.23.0 - 05-08-2024 *\/\n.elementor-widget-text-editor.elementor-drop-cap-view-stacked .elementor-drop-cap{background-color:#69727d;color:#fff}.elementor-widget-text-editor.elementor-drop-cap-view-framed .elementor-drop-cap{color:#69727d;border:3px solid;background-color:transparent}.elementor-widget-text-editor:not(.elementor-drop-cap-view-default) .elementor-drop-cap{margin-top:8px}.elementor-widget-text-editor:not(.elementor-drop-cap-view-default) .elementor-drop-cap-letter{width:1em;height:1em}.elementor-widget-text-editor .elementor-drop-cap{float:left;text-align:center;line-height:1;font-size:50px}.elementor-widget-text-editor .elementor-drop-cap-letter{display:inline-block}<\/style>\t\t\t\t<div class=\"page\" title=\"Page 1\"><div class=\"layoutArea\"><div class=\"column\"><h3><strong><span style=\"color: #1b4d7f;\">MENTIONS<\/span> <span style=\"color: #1b4d7f;\">L\u00c9GALES<\/span><\/strong><\/h3><p>En vigueur au 04\/09\/2024<\/p><p>Conforme\u0301ment aux dispositions de la loi n\u00b02004-575 du 21 juin 2004 pour la Confiance en l\u2019e\u0301conomie nume\u0301rique, il est porte\u0301 a\u0300 la connaissance des utilisateurs et visiteurs, ci-apre\u0300s l&rsquo; \u00ab\u00a0Utilisateur\u00a0\u00bb, du site roselios.com , ci-apre\u0300s le \u00ab\u00a0Site\u00a0\u00bb, les pre\u0301sentes mentions le\u0301gales.<\/p><p>La connexion et la navigation sur le Site par l\u2019Utilisateur implique acceptation inte\u0301grale et sans re\u0301serve des pre\u0301sentes mentions le\u0301gales.<\/p><p>Ces dernie\u0300res sont accessibles sur le Site a\u0300 la rubrique \u00ab\u00a0Mentions le\u0301gales\u00a0\u00bb.<\/p><p><strong>EDITION DU SITE<\/strong><\/p><p>L\u2019e\u0301dition et la direction de la publication du Site est assure\u0301e par Monsieur Johan Prevost, domicilie\u0301 5 rue victor Janton, 35000 RENNES, dont le nume\u0301ro de te\u0301le\u0301phone est 06 33 45 04 66, et l&rsquo;adresse e-mail johanprevost31@gmail.com.<\/p><p>ci-apre\u0300s l'\u00a0\u00bbEditeur\u00a0\u00bb.<\/p><p><strong>HEBERGEUR<\/strong><\/p><p>L&rsquo;he\u0301bergeur du Site est la socie\u0301te\u0301 HOSTINGER INTERNATIONAL LTD, dont le sie\u0300ge social est situe\u0301 au 61 Lordou Vironos Street 6023 Larnaca .<\/p><\/div><p><strong>L&rsquo;ENTRPRISE<\/strong><\/p><p>Roselios est une micro-entreprise d\u00e9tenu par Johan PREVOST et enregistr\u00e9 aupr\u00e8s du RCS de Toulouse sous le SIRET : <span data-sheets-root=\"1\">900 528 191 00019<\/span><\/p><div class=\"column\"><p><strong>ACCES AU SITE<\/strong><\/p><p>Le Site est normalement accessible, a\u0300 tout moment, a\u0300 l&rsquo;Utilisateur. Toutefois, l&rsquo;Editeur pourra, a\u0300 tout moment, suspendre, limiter ou interrompre le Site afin de proce\u0301der, notamment, a\u0300 des mises a\u0300 jour ou des modifications de son contenu. L&rsquo;Editeur ne pourra en aucun cas e\u0302tre tenu responsable des conse\u0301quences e\u0301ventuelles de cette indisponibilite\u0301 sur les activite\u0301s de l&rsquo;Utilisateur.<\/p><p>Toute utilisation, reproduction, diffusion, commercialisation, modification de toute ou partie du Site, sans autorisation expresse de l\u2019Editeur est prohibe\u0301e et pourra entrai\u0302ner des actions et poursuites judiciaires telles que pre\u0301vues par la re\u0300glementation en vigueur.<\/p><\/div><\/div><\/div><p>\u00a0<\/p><p>\u00a0<\/p><p>\u00a0<\/p><p>\u00a0<\/p><p>\u00a0<\/p><p>\u00a0<\/p><p>\u00a0<\/p>\t\t\t\t\t\t<\/div>\n\t\t\t\t<\/div>\n\t\t\t\t\t<\/div>\n\t\t\t\t<\/div>\n\t\t\t\t<\/div>\n\t\t","protected":false},"excerpt":{"rendered":"<p>MENTIONS L\u00c9GALES En vigueur au 04\/09\/2024 Conforme\u0301ment aux dispositions de la loi n\u00b02004-575 du 21 juin 2004 pour la Confiance en l\u2019e\u0301conomie nume\u0301rique, il est porte\u0301 a\u0300 la connaissance des utilisateurs et visiteurs, ci-apre\u0300s l&rsquo; \u00ab\u00a0Utilisateur\u00a0\u00bb, du site roselios.com , ci-apre\u0300s le \u00ab\u00a0Site\u00a0\u00bb, les pre\u0301sentes mentions le\u0301gales. La connexion et la navigation sur le Site [&hellip;]<\/p>\n","protected":false},"author":3,"featured_media":0,"parent":0,"menu_order":0,"comment_status":"closed","ping_status":"closed","template":"","meta":{"inline_featured_image":false,"footnotes":""},"class_list":["post-314","page","type-page","status-publish","hentry"],"_links":{"self":[{"href":"https:\/\/roselios.com\/index.php\/wp-json\/wp\/v2\/pages\/314"}],"collection":[{"href":"https:\/\/roselios.com\/index.php\/wp-json\/wp\/v2\/pages"}],"about":[{"href":"https:\/\/roselios.com\/index.php\/wp-json\/wp\/v2\/types\/page"}],"author":[{"embeddable":true,"href":"https:\/\/roselios.com\/index.php\/wp-json\/wp\/v2\/users\/3"}],"replies":[{"embeddable":true,"href":"https:\/\/roselios.com\/index.php\/wp-json\/wp\/v2\/comments?post=314"}],"version-history":[{"count":55,"href":"https:\/\/roselios.com\/index.php\/wp-json\/wp\/v2\/pages\/314\/revisions"}],"predecessor-version":[{"id":1111,"href":"https:\/\/roselios.com\/index.php\/wp-json\/wp\/v2\/pages\/314\/revisions\/1111"}],"wp:attachment":[{"href":"https:\/\/roselios.com\/index.php\/wp-json\/wp\/v2\/media?parent=314"}],"curies":[{"name":"wp","href":"https:\/\/api.w.org\/{rel}","templated":true}]}}