{"id":1116,"date":"2024-09-05T15:41:39","date_gmt":"2024-09-05T13:41:39","guid":{"rendered":"https:\/\/roselios.com\/?page_id=1116"},"modified":"2025-03-26T22:45:38","modified_gmt":"2025-03-26T21:45:38","slug":"articles","status":"publish","type":"page","link":"https:\/\/roselios.com\/index.php\/articles\/","title":{"rendered":"Articles"},"content":{"rendered":"\t\t<div data-elementor-type=\"wp-page\" data-elementor-id=\"1116\" class=\"elementor elementor-1116\" data-elementor-post-type=\"page\">\n\t\t\t\t<div class=\"elementor-element elementor-element-3400d4d e-flex e-con-boxed e-con e-parent\" data-id=\"3400d4d\" data-element_type=\"container\">\n\t\t\t\t\t<div class=\"e-con-inner\">\n\t\t<div class=\"elementor-element elementor-element-b07792b e-con-full e-flex e-con e-child\" data-id=\"b07792b\" data-element_type=\"container\">\n\t\t\t\t<div class=\"elementor-element elementor-element-f3ed39e elementor-widget__width-initial elementor-widget elementor-widget-image\" data-id=\"f3ed39e\" data-element_type=\"widget\" data-widget_type=\"image.default\">\n\t\t\t\t<div class=\"elementor-widget-container\">\n\t\t\t<style>\/*! elementor - v3.23.0 - 05-08-2024 *\/\n.elementor-widget-image{text-align:center}.elementor-widget-image a{display:inline-block}.elementor-widget-image a img[src$=\".svg\"]{width:48px}.elementor-widget-image img{vertical-align:middle;display:inline-block}<\/style>\t\t\t\t\t\t\t\t\t\t<img fetchpriority=\"high\" decoding=\"async\" width=\"800\" height=\"880\" src=\"https:\/\/roselios.com\/wp-content\/uploads\/2025\/02\/Design-sans-titre-170.png\" class=\"attachment-large size-large wp-image-2712\" alt=\"\" srcset=\"https:\/\/roselios.com\/wp-content\/uploads\/2025\/02\/Design-sans-titre-170.png 800w, https:\/\/roselios.com\/wp-content\/uploads\/2025\/02\/Design-sans-titre-170-273x300.png 273w, https:\/\/roselios.com\/wp-content\/uploads\/2025\/02\/Design-sans-titre-170-768x845.png 768w\" sizes=\"(max-width: 800px) 100vw, 800px\" \/>\t\t\t\t\t\t\t\t\t\t\t\t\t<\/div>\n\t\t\t\t<\/div>\n\t\t\t\t<\/div>\n\t\t<div class=\"elementor-element elementor-element-b31915c e-con-full e-flex e-con e-child\" data-id=\"b31915c\" data-element_type=\"container\">\n\t\t\t\t<div class=\"elementor-element elementor-element-8c8c36e elementor-widget elementor-widget-heading\" data-id=\"8c8c36e\" data-element_type=\"widget\" data-widget_type=\"heading.default\">\n\t\t\t\t<div class=\"elementor-widget-container\">\n\t\t\t<style>\/*! elementor - v3.23.0 - 05-08-2024 *\/\n.elementor-heading-title{padding:0;margin:0;line-height:1}.elementor-widget-heading .elementor-heading-title[class*=elementor-size-]>a{color:inherit;font-size:inherit;line-height:inherit}.elementor-widget-heading .elementor-heading-title.elementor-size-small{font-size:15px}.elementor-widget-heading .elementor-heading-title.elementor-size-medium{font-size:19px}.elementor-widget-heading .elementor-heading-title.elementor-size-large{font-size:29px}.elementor-widget-heading .elementor-heading-title.elementor-size-xl{font-size:39px}.elementor-widget-heading .elementor-heading-title.elementor-size-xxl{font-size:59px}<\/style><h2 class=\"elementor-heading-title elementor-size-default\">Nos articles<\/h2>\t\t<\/div>\n\t\t\t\t<\/div>\n\t\t\t\t<div class=\"elementor-element elementor-element-a234f86 elementor-widget__width-initial elementor-view-default elementor-widget elementor-widget-icon\" data-id=\"a234f86\" data-element_type=\"widget\" data-widget_type=\"icon.default\">\n\t\t\t\t<div class=\"elementor-widget-container\">\n\t\t\t\t\t<div class=\"elementor-icon-wrapper\">\n\t\t\t<div class=\"elementor-icon\">\n\t\t\t<svg aria-hidden=\"true\" class=\"e-font-icon-svg e-far-window-minimize\" viewBox=\"0 0 512 512\" xmlns=\"http:\/\/www.w3.org\/2000\/svg\"><path d=\"M480 480H32c-17.7 0-32-14.3-32-32s14.3-32 32-32h448c17.7 0 32 14.3 32 32s-14.3 32-32 32z\"><\/path><\/svg>\t\t\t<\/div>\n\t\t<\/div>\n\t\t\t\t<\/div>\n\t\t\t\t<\/div>\n\t\t\t\t<div class=\"elementor-element elementor-element-8f14b4b elementor-widget elementor-widget-text-editor\" data-id=\"8f14b4b\" data-element_type=\"widget\" data-widget_type=\"text-editor.default\">\n\t\t\t\t<div class=\"elementor-widget-container\">\n\t\t\t<style>\/*! elementor - v3.23.0 - 05-08-2024 *\/\n.elementor-widget-text-editor.elementor-drop-cap-view-stacked .elementor-drop-cap{background-color:#69727d;color:#fff}.elementor-widget-text-editor.elementor-drop-cap-view-framed .elementor-drop-cap{color:#69727d;border:3px solid;background-color:transparent}.elementor-widget-text-editor:not(.elementor-drop-cap-view-default) .elementor-drop-cap{margin-top:8px}.elementor-widget-text-editor:not(.elementor-drop-cap-view-default) .elementor-drop-cap-letter{width:1em;height:1em}.elementor-widget-text-editor .elementor-drop-cap{float:left;text-align:center;line-height:1;font-size:50px}.elementor-widget-text-editor .elementor-drop-cap-letter{display:inline-block}<\/style>\t\t\t\t<p data-start=\"0\" data-end=\"45\">D\u00e9couvrez ci-dessous nos derniers articles.<\/p>\n<p data-start=\"47\" data-end=\"273\">Nous vous invitons \u00e0 nous suivre sur <strong data-start=\"84\" data-end=\"96\">LinkedIn<\/strong> pour b\u00e9n\u00e9ficier d\u2019un acc\u00e8s exclusif \u00e0 nos publications en avant-premi\u00e8re. Vous y trouverez du contenu, des analyses pertinentes et des actualit\u00e9s \u00e0 ne pas manquer.<\/p>\n<p data-start=\"275\" data-end=\"475\"><b>Si vous souhaitez partager vos propres articles<\/b> et leur offrir une plus grande visibilit\u00e9, nous serions ravis de les publier sur notre plateforme. N\u2019h\u00e9sitez pas \u00e0 nous contacter pour en savoir plus.<\/p>\n<p data-start=\"477\" data-end=\"504\" data-is-last-node=\"\" data-is-only-node=\"\">Bonne lecture et \u00e0 bient\u00f4t.<\/p>\t\t\t\t\t\t<\/div>\n\t\t\t\t<\/div>\n\t\t\t\t<\/div>\n\t\t\t\t\t<\/div>\n\t\t\t\t<\/div>\n\t\t<div class=\"elementor-element elementor-element-faf4aac e-flex e-con-boxed e-con e-parent\" data-id=\"faf4aac\" data-element_type=\"container\">\n\t\t\t\t\t<div class=\"e-con-inner\">\n\t\t\t\t<div class=\"elementor-element elementor-element-081ecc0 elementor-widget elementor-widget-spacer\" data-id=\"081ecc0\" data-element_type=\"widget\" data-widget_type=\"spacer.default\">\n\t\t\t\t<div class=\"elementor-widget-container\">\n\t\t\t<style>\/*! elementor - v3.23.0 - 05-08-2024 *\/\n.elementor-column .elementor-spacer-inner{height:var(--spacer-size)}.e-con{--container-widget-width:100%}.e-con-inner>.elementor-widget-spacer,.e-con>.elementor-widget-spacer{width:var(--container-widget-width,var(--spacer-size));--align-self:var(--container-widget-align-self,initial);--flex-shrink:0}.e-con-inner>.elementor-widget-spacer>.elementor-widget-container,.e-con>.elementor-widget-spacer>.elementor-widget-container{height:100%;width:100%}.e-con-inner>.elementor-widget-spacer>.elementor-widget-container>.elementor-spacer,.e-con>.elementor-widget-spacer>.elementor-widget-container>.elementor-spacer{height:100%}.e-con-inner>.elementor-widget-spacer>.elementor-widget-container>.elementor-spacer>.elementor-spacer-inner,.e-con>.elementor-widget-spacer>.elementor-widget-container>.elementor-spacer>.elementor-spacer-inner{height:var(--container-widget-height,var(--spacer-size))}.e-con-inner>.elementor-widget-spacer.elementor-widget-empty,.e-con>.elementor-widget-spacer.elementor-widget-empty{position:relative;min-height:22px;min-width:22px}.e-con-inner>.elementor-widget-spacer.elementor-widget-empty .elementor-widget-empty-icon,.e-con>.elementor-widget-spacer.elementor-widget-empty .elementor-widget-empty-icon{position:absolute;top:0;bottom:0;left:0;right:0;margin:auto;padding:0;width:22px;height:22px}<\/style>\t\t<div class=\"elementor-spacer\">\n\t\t\t<div class=\"elementor-spacer-inner\"><\/div>\n\t\t<\/div>\n\t\t\t\t<\/div>\n\t\t\t\t<\/div>\n\t\t\t\t\t<\/div>\n\t\t\t\t<\/div>\n\t\t<div class=\"elementor-element elementor-element-db455ac e-flex e-con-boxed e-con e-parent\" data-id=\"db455ac\" data-element_type=\"container\">\n\t\t\t\t\t<div class=\"e-con-inner\">\n\t\t\t\t<div class=\"elementor-element elementor-element-4cdd8a7 elementor-grid-3 elementor-grid-tablet-2 elementor-grid-mobile-1 elementor-posts--thumbnail-top elementor-card-shadow-yes elementor-posts__hover-gradient elementor-widget elementor-widget-posts\" data-id=\"4cdd8a7\" data-element_type=\"widget\" data-settings=\"{&quot;cards_masonry&quot;:&quot;yes&quot;,&quot;pagination_type&quot;:&quot;numbers_and_prev_next&quot;,&quot;cards_columns&quot;:&quot;3&quot;,&quot;cards_columns_tablet&quot;:&quot;2&quot;,&quot;cards_columns_mobile&quot;:&quot;1&quot;,&quot;cards_row_gap&quot;:{&quot;unit&quot;:&quot;px&quot;,&quot;size&quot;:35,&quot;sizes&quot;:[]},&quot;cards_row_gap_tablet&quot;:{&quot;unit&quot;:&quot;px&quot;,&quot;size&quot;:&quot;&quot;,&quot;sizes&quot;:[]},&quot;cards_row_gap_mobile&quot;:{&quot;unit&quot;:&quot;px&quot;,&quot;size&quot;:&quot;&quot;,&quot;sizes&quot;:[]}}\" data-widget_type=\"posts.cards\">\n\t\t\t\t<div class=\"elementor-widget-container\">\n\t\t\t<link rel=\"stylesheet\" href=\"https:\/\/roselios.com\/wp-content\/plugins\/elementor-pro\/assets\/css\/widget-posts.min.css?ver=1723686522\">\t\t<div class=\"elementor-posts-container elementor-posts elementor-posts--skin-cards elementor-grid\">\n\t\t\t\t<article class=\"elementor-post elementor-grid-item post-3938 post type-post status-publish format-standard has-post-thumbnail hentry category-autres-commerces category-beaute-bien-etre category-mode-accessoires\">\n\t\t\t<div class=\"elementor-post__card\">\n\t\t\t\t<a class=\"elementor-post__thumbnail__link\" href=\"https:\/\/roselios.com\/index.php\/2025\/03\/27\/oceneo-linnovation-durable-au-service-de-la-lunette-ecoresponsable\/\" tabindex=\"-1\" ><div class=\"elementor-post__thumbnail\"><img decoding=\"async\" width=\"760\" height=\"380\" src=\"https:\/\/roselios.com\/wp-content\/uploads\/2025\/03\/Design-sans-titre-178.png\" class=\"attachment-full size-full wp-image-3940\" alt=\"\" srcset=\"https:\/\/roselios.com\/wp-content\/uploads\/2025\/03\/Design-sans-titre-178.png 760w, https:\/\/roselios.com\/wp-content\/uploads\/2025\/03\/Design-sans-titre-178-300x150.png 300w\" sizes=\"(max-width: 760px) 100vw, 760px\" \/><\/div><\/a>\n\t\t\t\t<div class=\"elementor-post__text\">\n\t\t\t\t<h3 class=\"elementor-post__title\">\n\t\t\t<a href=\"https:\/\/roselios.com\/index.php\/2025\/03\/27\/oceneo-linnovation-durable-au-service-de-la-lunette-ecoresponsable\/\" >\n\t\t\t\tOceneo : L\u2019Innovation Durable au Service de la Lunette \u00c9coresponsable\t\t\t<\/a>\n\t\t<\/h3>\n\t\t\t\t<div class=\"elementor-post__excerpt\">\n\t\t\t<p>Un concept store pas comme les autres ! D\u00e9couvrez comment GG Shop, n\u00e9 d\u2019une id\u00e9e audacieuse, fusionne gaming, r\u00e9paration et tatouage en plein c\u0153ur de Lyon. Entre passion, innovation et transparence totale gr\u00e2ce \u00e0 des lives quotidiens, cette boutique pas comme les autres intrigue et s\u00e9duit. Une success story \u00e0 ne pas manquer !<\/p>\n\t\t<\/div>\n\t\t\n\t\t<a class=\"elementor-post__read-more\" href=\"https:\/\/roselios.com\/index.php\/2025\/03\/27\/oceneo-linnovation-durable-au-service-de-la-lunette-ecoresponsable\/\" aria-label=\"Read more about Oceneo : L\u2019Innovation Durable au Service de la Lunette \u00c9coresponsable\" tabindex=\"-1\" >\n\t\t\tLire l'article...\t\t<\/a>\n\n\t\t\t\t<\/div>\n\t\t\t\t<div class=\"elementor-post__meta-data\">\n\t\t\t\t\t<span class=\"elementor-post-date\">\n\t\t\t27 mars 2025\t\t<\/span>\n\t\t\t\t<\/div>\n\t\t\t\t\t<\/div>\n\t\t<\/article>\n\t\t\t\t<article class=\"elementor-post elementor-grid-item post-3629 post type-post status-publish format-standard has-post-thumbnail hentry category-beaute-bien-etre\">\n\t\t\t<div class=\"elementor-post__card\">\n\t\t\t\t<a class=\"elementor-post__thumbnail__link\" href=\"https:\/\/roselios.com\/index.php\/2025\/03\/26\/oya-yoga-lemergence-dune-marque-francaise-dediee-au-yoga-aerien\/\" tabindex=\"-1\" ><div class=\"elementor-post__thumbnail\"><img decoding=\"async\" width=\"760\" height=\"380\" src=\"https:\/\/roselios.com\/wp-content\/uploads\/2025\/03\/Design-sans-titre-176.png\" class=\"attachment-full size-full wp-image-3631\" alt=\"\" srcset=\"https:\/\/roselios.com\/wp-content\/uploads\/2025\/03\/Design-sans-titre-176.png 760w, https:\/\/roselios.com\/wp-content\/uploads\/2025\/03\/Design-sans-titre-176-300x150.png 300w\" sizes=\"(max-width: 760px) 100vw, 760px\" \/><\/div><\/a>\n\t\t\t\t<div class=\"elementor-post__text\">\n\t\t\t\t<h3 class=\"elementor-post__title\">\n\t\t\t<a href=\"https:\/\/roselios.com\/index.php\/2025\/03\/26\/oya-yoga-lemergence-dune-marque-francaise-dediee-au-yoga-aerien\/\" >\n\t\t\t\tOya Yoga : L&rsquo;\u00c9mergence d&rsquo;une Marque Fran\u00e7aise D\u00e9di\u00e9e au Yoga A\u00e9rien\t\t\t<\/a>\n\t\t<\/h3>\n\t\t\t\t<div class=\"elementor-post__excerpt\">\n\t\t\t<p>Un concept store pas comme les autres ! D\u00e9couvrez comment GG Shop, n\u00e9 d\u2019une id\u00e9e audacieuse, fusionne gaming, r\u00e9paration et tatouage en plein c\u0153ur de Lyon. Entre passion, innovation et transparence totale gr\u00e2ce \u00e0 des lives quotidiens, cette boutique pas comme les autres intrigue et s\u00e9duit. Une success story \u00e0 ne pas manquer !<\/p>\n\t\t<\/div>\n\t\t\n\t\t<a class=\"elementor-post__read-more\" href=\"https:\/\/roselios.com\/index.php\/2025\/03\/26\/oya-yoga-lemergence-dune-marque-francaise-dediee-au-yoga-aerien\/\" aria-label=\"Read more about Oya Yoga : L&rsquo;\u00c9mergence d&rsquo;une Marque Fran\u00e7aise D\u00e9di\u00e9e au Yoga A\u00e9rien\" tabindex=\"-1\" >\n\t\t\tLire l'article...\t\t<\/a>\n\n\t\t\t\t<\/div>\n\t\t\t\t<div class=\"elementor-post__meta-data\">\n\t\t\t\t\t<span class=\"elementor-post-date\">\n\t\t\t26 mars 2025\t\t<\/span>\n\t\t\t\t<\/div>\n\t\t\t\t\t<\/div>\n\t\t<\/article>\n\t\t\t\t<article class=\"elementor-post elementor-grid-item post-3600 post type-post status-publish format-standard has-post-thumbnail hentry category-autres-commerces category-beaute-bien-etre category-electronique-high-tech category-mode-accessoires\">\n\t\t\t<div class=\"elementor-post__card\">\n\t\t\t\t<a class=\"elementor-post__thumbnail__link\" href=\"https:\/\/roselios.com\/index.php\/2025\/03\/22\/gg-shop-quand-le-jeu-video-et-le-tatouage-se-rencontrent-a-lyon\/\" tabindex=\"-1\" ><div class=\"elementor-post__thumbnail\"><img loading=\"lazy\" decoding=\"async\" width=\"760\" height=\"380\" src=\"https:\/\/roselios.com\/wp-content\/uploads\/2025\/03\/Design-sans-titre-175.png\" class=\"attachment-full size-full wp-image-3605\" alt=\"\" srcset=\"https:\/\/roselios.com\/wp-content\/uploads\/2025\/03\/Design-sans-titre-175.png 760w, https:\/\/roselios.com\/wp-content\/uploads\/2025\/03\/Design-sans-titre-175-300x150.png 300w\" sizes=\"(max-width: 760px) 100vw, 760px\" \/><\/div><\/a>\n\t\t\t\t<div class=\"elementor-post__text\">\n\t\t\t\t<h3 class=\"elementor-post__title\">\n\t\t\t<a href=\"https:\/\/roselios.com\/index.php\/2025\/03\/22\/gg-shop-quand-le-jeu-video-et-le-tatouage-se-rencontrent-a-lyon\/\" >\n\t\t\t\tGG Shop : Quand le Jeu Vid\u00e9o et le Tatouage se Rencontrent \u00e0 Lyon\t\t\t<\/a>\n\t\t<\/h3>\n\t\t\t\t<div class=\"elementor-post__excerpt\">\n\t\t\t<p>Un concept store pas comme les autres ! D\u00e9couvrez comment GG Shop, n\u00e9 d\u2019une id\u00e9e audacieuse, fusionne gaming, r\u00e9paration et tatouage en plein c\u0153ur de Lyon. Entre passion, innovation et transparence totale gr\u00e2ce \u00e0 des lives quotidiens, cette boutique pas comme les autres intrigue et s\u00e9duit. Une success story \u00e0 ne pas manquer !<\/p>\n\t\t<\/div>\n\t\t\n\t\t<a class=\"elementor-post__read-more\" href=\"https:\/\/roselios.com\/index.php\/2025\/03\/22\/gg-shop-quand-le-jeu-video-et-le-tatouage-se-rencontrent-a-lyon\/\" aria-label=\"Read more about GG Shop : Quand le Jeu Vid\u00e9o et le Tatouage se Rencontrent \u00e0 Lyon\" tabindex=\"-1\" >\n\t\t\tLire l'article...\t\t<\/a>\n\n\t\t\t\t<\/div>\n\t\t\t\t<div class=\"elementor-post__meta-data\">\n\t\t\t\t\t<span class=\"elementor-post-date\">\n\t\t\t22 mars 2025\t\t<\/span>\n\t\t\t\t<\/div>\n\t\t\t\t\t<\/div>\n\t\t<\/article>\n\t\t\t\t<article class=\"elementor-post elementor-grid-item post-3566 post type-post status-publish format-standard has-post-thumbnail hentry category-autres-commerces category-electronique-high-tech category-mode-accessoires\">\n\t\t\t<div class=\"elementor-post__card\">\n\t\t\t\t<a class=\"elementor-post__thumbnail__link\" href=\"https:\/\/roselios.com\/index.php\/2025\/03\/20\/mgs-shop-un-repere-de-confiance-face-a-la-vague-de-fraudes-dans-la-japanimation\/\" tabindex=\"-1\" ><div class=\"elementor-post__thumbnail\"><img loading=\"lazy\" decoding=\"async\" width=\"760\" height=\"380\" src=\"https:\/\/roselios.com\/wp-content\/uploads\/2025\/03\/1.png\" class=\"attachment-full size-full wp-image-3587\" alt=\"\" srcset=\"https:\/\/roselios.com\/wp-content\/uploads\/2025\/03\/1.png 760w, https:\/\/roselios.com\/wp-content\/uploads\/2025\/03\/1-300x150.png 300w\" sizes=\"(max-width: 760px) 100vw, 760px\" \/><\/div><\/a>\n\t\t\t\t<div class=\"elementor-post__text\">\n\t\t\t\t<h3 class=\"elementor-post__title\">\n\t\t\t<a href=\"https:\/\/roselios.com\/index.php\/2025\/03\/20\/mgs-shop-un-repere-de-confiance-face-a-la-vague-de-fraudes-dans-la-japanimation\/\" >\n\t\t\t\tMGS Shop : un rep\u00e8re de confiance face \u00e0 la vague de fraudes dans la japanimation\t\t\t<\/a>\n\t\t<\/h3>\n\t\t\t\t<div class=\"elementor-post__excerpt\">\n\t\t\t<p>Le march\u00e9 de la japanimation fait face \u00e0 une vague de contrefa\u00e7ons et d\u2019arnaques, fragilisant la confiance des collectionneurs. Pourtant, MGS Shop parvient \u00e0 tirer son \u00e9pingle du jeu en misant sur l\u2019authenticit\u00e9 et la satisfaction client. D\u00e9couvrez comment cette boutique ind\u00e9pendante r\u00e9ussit \u00e0 se d\u00e9marquer dans un secteur en pleine turbulence<\/p>\n\t\t<\/div>\n\t\t\n\t\t<a class=\"elementor-post__read-more\" href=\"https:\/\/roselios.com\/index.php\/2025\/03\/20\/mgs-shop-un-repere-de-confiance-face-a-la-vague-de-fraudes-dans-la-japanimation\/\" aria-label=\"Read more about MGS Shop : un rep\u00e8re de confiance face \u00e0 la vague de fraudes dans la japanimation\" tabindex=\"-1\" >\n\t\t\tLire l'article...\t\t<\/a>\n\n\t\t\t\t<\/div>\n\t\t\t\t<div class=\"elementor-post__meta-data\">\n\t\t\t\t\t<span class=\"elementor-post-date\">\n\t\t\t20 mars 2025\t\t<\/span>\n\t\t\t\t<\/div>\n\t\t\t\t\t<\/div>\n\t\t<\/article>\n\t\t\t\t<article class=\"elementor-post elementor-grid-item post-3530 post type-post status-publish format-standard has-post-thumbnail hentry category-electronique-high-tech\">\n\t\t\t<div class=\"elementor-post__card\">\n\t\t\t\t<a class=\"elementor-post__thumbnail__link\" href=\"https:\/\/roselios.com\/index.php\/2025\/03\/18\/hubaura-de-loutsider-a-la-marque-de-reference-en-eclairage-led\/\" tabindex=\"-1\" ><div class=\"elementor-post__thumbnail\"><img loading=\"lazy\" decoding=\"async\" width=\"760\" height=\"380\" src=\"https:\/\/roselios.com\/wp-content\/uploads\/2025\/03\/Design-sans-titre-174.png\" class=\"attachment-full size-full wp-image-3532\" alt=\"\" srcset=\"https:\/\/roselios.com\/wp-content\/uploads\/2025\/03\/Design-sans-titre-174.png 760w, https:\/\/roselios.com\/wp-content\/uploads\/2025\/03\/Design-sans-titre-174-300x150.png 300w\" sizes=\"(max-width: 760px) 100vw, 760px\" \/><\/div><\/a>\n\t\t\t\t<div class=\"elementor-post__text\">\n\t\t\t\t<h3 class=\"elementor-post__title\">\n\t\t\t<a href=\"https:\/\/roselios.com\/index.php\/2025\/03\/18\/hubaura-de-loutsider-a-la-marque-de-reference-en-eclairage-led\/\" >\n\t\t\t\tHubaura : De l&rsquo;Outsider \u00e0 la Marque de R\u00e9f\u00e9rence en \u00c9clairage LED\t\t\t<\/a>\n\t\t<\/h3>\n\t\t\t\t<div class=\"elementor-post__excerpt\">\n\t\t\t<p>Plongez dans l\u2019histoire de Hubaura, une marque ambitieuse qui transforme l\u2019\u00e9clairage LED en alliant design, innovation et technologie. De leur premi\u00e8re \u00e9tude de march\u00e9 \u00e0 une reconnaissance inattendue par un grand influenceur tech, d\u00e9couvrez comment ces deux entrepreneurs comptent imposer leur vision et faire briller leur projet.<\/p>\n\t\t<\/div>\n\t\t\n\t\t<a class=\"elementor-post__read-more\" href=\"https:\/\/roselios.com\/index.php\/2025\/03\/18\/hubaura-de-loutsider-a-la-marque-de-reference-en-eclairage-led\/\" aria-label=\"Read more about Hubaura : De l&rsquo;Outsider \u00e0 la Marque de R\u00e9f\u00e9rence en \u00c9clairage LED\" tabindex=\"-1\" >\n\t\t\tLire l'article...\t\t<\/a>\n\n\t\t\t\t<\/div>\n\t\t\t\t<div class=\"elementor-post__meta-data\">\n\t\t\t\t\t<span class=\"elementor-post-date\">\n\t\t\t18 mars 2025\t\t<\/span>\n\t\t\t\t<\/div>\n\t\t\t\t\t<\/div>\n\t\t<\/article>\n\t\t\t\t<article class=\"elementor-post elementor-grid-item post-3504 post type-post status-publish format-standard has-post-thumbnail hentry category-electronique-high-tech\">\n\t\t\t<div class=\"elementor-post__card\">\n\t\t\t\t<a class=\"elementor-post__thumbnail__link\" href=\"https:\/\/roselios.com\/index.php\/2025\/03\/15\/lizia-une-innovation-francaise-au-service-des-lecteurs\/\" tabindex=\"-1\" ><div class=\"elementor-post__thumbnail\"><img loading=\"lazy\" decoding=\"async\" width=\"760\" height=\"380\" src=\"https:\/\/roselios.com\/wp-content\/uploads\/2025\/03\/Design-sans-titre-173.png\" class=\"attachment-full size-full wp-image-3507\" alt=\"\" srcset=\"https:\/\/roselios.com\/wp-content\/uploads\/2025\/03\/Design-sans-titre-173.png 760w, https:\/\/roselios.com\/wp-content\/uploads\/2025\/03\/Design-sans-titre-173-300x150.png 300w\" sizes=\"(max-width: 760px) 100vw, 760px\" \/><\/div><\/a>\n\t\t\t\t<div class=\"elementor-post__text\">\n\t\t\t\t<h3 class=\"elementor-post__title\">\n\t\t\t<a href=\"https:\/\/roselios.com\/index.php\/2025\/03\/15\/lizia-une-innovation-francaise-au-service-des-lecteurs\/\" >\n\t\t\t\tLizia :Une innovation fran\u00e7aise au service des lecteurs\t\t\t<\/a>\n\t\t<\/h3>\n\t\t\t\t<div class=\"elementor-post__excerpt\">\n\t\t\t<p>Lizia, c\u2019est l\u2019histoire de deux ing\u00e9nieurs bretons qui ont cr\u00e9\u00e9 l\u2019accessoire de lecture parfait : une lampe 3-en-1 prim\u00e9e au concours L\u00e9pine et fabriqu\u00e9e en France. D\u00e9j\u00e0 vendue \u00e0 plus de 70 000 exemplaires, elle change la fa\u00e7on de lire, partout et en toute simplicit\u00e9. Innovation, confort et passion, d\u00e9couvrez leur aventure !<\/p>\n\t\t<\/div>\n\t\t\n\t\t<a class=\"elementor-post__read-more\" href=\"https:\/\/roselios.com\/index.php\/2025\/03\/15\/lizia-une-innovation-francaise-au-service-des-lecteurs\/\" aria-label=\"Read more about Lizia :Une innovation fran\u00e7aise au service des lecteurs\" tabindex=\"-1\" >\n\t\t\tLire l'article...\t\t<\/a>\n\n\t\t\t\t<\/div>\n\t\t\t\t<div class=\"elementor-post__meta-data\">\n\t\t\t\t\t<span class=\"elementor-post-date\">\n\t\t\t15 mars 2025\t\t<\/span>\n\t\t\t\t<\/div>\n\t\t\t\t\t<\/div>\n\t\t<\/article>\n\t\t\t\t<\/div>\n\t\t\n\t\t\t\t<div class=\"e-load-more-anchor\" data-page=\"1\" data-max-page=\"5\" data-next-page=\"https:\/\/roselios.com\/index.php\/wp-json\/wp\/v2\/pages\/1116\/page\/2\/\"><\/div>\n\t\t\t\t<nav class=\"elementor-pagination\" aria-label=\"Pagination\">\n\t\t\t<span class=\"page-numbers prev\">&laquo; Pr\u00e9c\u00e9dent<\/span>\n<span aria-current=\"page\" class=\"page-numbers current\"><span class=\"elementor-screen-only\">Page<\/span>1<\/span>\n<a class=\"page-numbers\" href=\"https:\/\/roselios.com\/index.php\/wp-json\/wp\/v2\/pages\/1116\/page\/2\/\"><span class=\"elementor-screen-only\">Page<\/span>2<\/a>\n<a class=\"page-numbers\" href=\"https:\/\/roselios.com\/index.php\/wp-json\/wp\/v2\/pages\/1116\/page\/3\/\"><span class=\"elementor-screen-only\">Page<\/span>3<\/a>\n<a class=\"page-numbers\" href=\"https:\/\/roselios.com\/index.php\/wp-json\/wp\/v2\/pages\/1116\/page\/4\/\"><span class=\"elementor-screen-only\">Page<\/span>4<\/a>\n<a class=\"page-numbers\" href=\"https:\/\/roselios.com\/index.php\/wp-json\/wp\/v2\/pages\/1116\/page\/5\/\"><span class=\"elementor-screen-only\">Page<\/span>5<\/a>\n<a class=\"page-numbers next\" href=\"https:\/\/roselios.com\/index.php\/wp-json\/wp\/v2\/pages\/1116\/page\/2\/\">Suivant &raquo;<\/a>\t\t<\/nav>\n\t\t\t\t<\/div>\n\t\t\t\t<\/div>\n\t\t\t\t\t<\/div>\n\t\t\t\t<\/div>\n\t\t\t\t<\/div>\n\t\t","protected":false},"excerpt":{"rendered":"<p>Nos articles D\u00e9couvrez ci-dessous nos derniers articles. Nous vous invitons \u00e0 nous suivre sur LinkedIn pour b\u00e9n\u00e9ficier d\u2019un acc\u00e8s exclusif \u00e0 nos publications en avant-premi\u00e8re. Vous y trouverez du contenu, des analyses pertinentes et des actualit\u00e9s \u00e0 ne pas manquer. Si vous souhaitez partager vos propres articles et leur offrir une plus grande visibilit\u00e9, nous [&hellip;]<\/p>\n","protected":false},"author":1,"featured_media":0,"parent":0,"menu_order":0,"comment_status":"closed","ping_status":"closed","template":"","meta":{"inline_featured_image":false,"footnotes":""},"class_list":["post-1116","page","type-page","status-publish","hentry"],"_links":{"self":[{"href":"https:\/\/roselios.com\/index.php\/wp-json\/wp\/v2\/pages\/1116"}],"collection":[{"href":"https:\/\/roselios.com\/index.php\/wp-json\/wp\/v2\/pages"}],"about":[{"href":"https:\/\/roselios.com\/index.php\/wp-json\/wp\/v2\/types\/page"}],"author":[{"embeddable":true,"href":"https:\/\/roselios.com\/index.php\/wp-json\/wp\/v2\/users\/1"}],"replies":[{"embeddable":true,"href":"https:\/\/roselios.com\/index.php\/wp-json\/wp\/v2\/comments?post=1116"}],"version-history":[{"count":115,"href":"https:\/\/roselios.com\/index.php\/wp-json\/wp\/v2\/pages\/1116\/revisions"}],"predecessor-version":[{"id":3911,"href":"https:\/\/roselios.com\/index.php\/wp-json\/wp\/v2\/pages\/1116\/revisions\/3911"}],"wp:attachment":[{"href":"https:\/\/roselios.com\/index.php\/wp-json\/wp\/v2\/media?parent=1116"}],"curies":[{"name":"wp","href":"https:\/\/api.w.org\/{rel}","templated":true}]}}